 = i + -7. What is the tens digit of (2 - -10) + (g - 2)?
1
Let c be (-4)/(-12) - (-2)/(-6). Suppose -5*b - 4*p - 23 + 437 = c, -b = 2*p - 78. What is the units digit of b?
6
Let j = 1294 - 852. Let h = j - 196. What is the units digit of h?
6
Let w = -12 + 6. Let v(u) be the third derivative of u**5/60 + u**4/6 - 2*u**3/3 - u**2 - 42*u. What is the units digit of v(w)?
8
Let f = 174 - -75. Suppose 6*o + f = 9*o. What is the tens digit of o?
8
Suppose -4*h = -9*h + 3*z + 5750, 2*h - 4*z = 2314. What is the tens digit of h?
4
Suppose 0 = 3*a - 160 - 86. Suppose -g + 117 = 3*s, -2*g = -s - a - 117. What is the tens digit of g?
0
Let s be (-2 + -2)*405/(-10). Suppose 0 = -10*p + 11*p - s. What is the tens digit of p?
6
Let d be 3*-1 - (-7 + 2). Suppose -9 = n + 4*t, n - d*t = -3*n. What is the tens digit of (-2 + 1)*n*11?
1
Let c(l) = 13*l - 11. Suppose 3*x + 21 = 2*w, -34 = -3*w - x + 6*x. What is the units digit of c(w)?
8
Suppose 6 = 3*y - 3*r, 0 = 3*y - 4*r + 2 - 8. Suppose -y*o - 4*m + 408 = 2*o, -2*o + 4*m + 198 = 0. What is the units digit of o?
1
Let t(q) = 3*q**2 + q - 1. Let g be t(1). Let x be (g - 12) + 3 - -3. What is the units digit of 2/(-3*2/x)?
1
Let h be (-11)/(-2) - (-4)/(-8). Let a = h - 2. Suppose d - 24 = -y - a*d, -2*d + 66 = 5*y. What is the units digit of y?
2
Suppose 0 = 4*k - 5 - 3. Suppose 454 = a + 3*a - 2*u, -458 = -4*a - k*u. What is the units digit of a?
4
Let b(h) = 4*h**2 + 29*h + 10. Let y be b(-7). Let a(r) = r**3 - 2 - 6*r - r**2 + 9 + r**3. What is the tens digit of a(y)?
3
Suppose -3*w = 5*a + 525 - 1266, 3*a = -5*w + 1251. Suppose -5*s = -b - 0*b + w, s = -4*b - 63. Let i = 91 + s. What is the tens digit of i?
4
What is the units digit of 450/7*(-2)/(12/(-42))?
0
Suppose -45*h = -50*h - 1045. Let u = h + 332. What is the hundreds digit of u?
1
Let c = -8503 + 12260. What is the units digit of c?
7
Suppose -f - 3*v = 12, f - 3*v - 12 = 4*f. Let n be 12*2 - (-4 + 2). What is the tens digit of 5*(n/10 - f)?
1
Let p = -3101 + 7091. What is the tens digit of p?
9
Let g(n) = 3*n**2 - 5*n - 1. Let q be g(4). Suppose -26 = -2*i + 2*c, -3*c = -5 + 2. Let k = q - i. What is the units digit of k?
3
Suppose -52 = -2*q + 4*p, q - 4 - 16 = -4*p. Suppose 4*h = -2*r - 0*r + 28, -3*r + 3*h = -q. What is the tens digit of (-1)/(1/r)*-2?
2
Let g(r) = 4*r**2 - 14*r + 16*r**2 - r**2 + 2*r**2. What is the tens digit of g(4)?
8
Let c(m) = -m**2. Let v(o) = -o**2 - 9*o + 10. Let k(u) = -c(u) - v(u). What is the hundreds digit of k(6)?
1
Suppose 33*t - 32*t = 2*z + 1167, 2*z - 2328 = -2*t. What is the hundreds digit of t?
1
Suppose 3*j - 67 - 209 = 0. Let x = j + -55. What is the tens digit of x?
3
Suppose -d = 4*d - 10. Suppose -3*c - d*a = 2*a - 24, -3*c - 2*a = -24. Let k = 35 + c. What is the units digit of k?
3
What is the thousands digit of (18/4 - 5)*-2246?
1
Suppose 0 = 5*i - 15 + 45. What is the tens digit of (17/i)/(11/(-66))?
1
Let y be -2 - (-4)/1 - (-1 - 26). Suppose 21 = c - 33. Let l = c - y. What is the tens digit of l?
2
Suppose -4*u - 266 = 2*d, -3*d - 86 - 183 = 4*u. Let t = u - -138. What is the tens digit of t?
7
Let s = 69 + -36. Suppose -2*g + 17 = -s. What is the tens digit of g?
2
What is the tens digit of ((-19386)/7 + (-12)/21)/(-2)?
8
Let n = 11 - -10. Suppose -n = -g + 2*g. Let o = g - -38. What is the tens digit of o?
1
Let r = 511 + -271. Suppose -27*q + r = -25*q. What is the hundreds digit of q?
1
Let l(o) = -o**3 + 7*o**2 + 2*o - 10. Let f be l(7). Suppose 0*s = -f*s + 48. Let z = s + 20. What is the units digit of z?
2
Let y(d) = -d**2 + 23*d + 55. Let m be y(25). Suppose 774 = 11*k - m*k. What is the hundreds digit of k?
1
What is the thousands digit of -612*(-7 + (-21)/(-4))?
1
Let m(a) = 1600*a**2 - 27*a - 27. What is the hundreds digit of m(-1)?
6
Suppose 5*t + 818 - 2263 = -5*x, 0 = -2*t - x + 574. What is the units digit of t?
5
What is the tens digit of (-456)/(-95)*(2 + 13)?
7
Suppose 0 = 3*h - 12, i + 2*i = -5*h + 1781. What is the tens digit of i?
8
Let h = 2250 + -338. What is the thousands digit of h?
1
Let w be (21/6)/(1/(-2)). Let q = 1 - w. What is the units digit of q?
8
Let m(g) = 3*g**3 - 2*g**2 - 3*g + 27. Let h(j) = -4*j**3 + 3*j**2 + 5*j - 40. Let x(f) = -5*h(f) - 8*m(f). What is the hundreds digit of x(-4)?
2
Suppose 4*v - 8 = 8. Suppose v*o = -o + 250. What is the units digit of o?
0
Suppose -10*z = 462 + 1178. Let d = -113 - z. What is the tens digit of d?
5
Let u(s) = 10*s**2 - 22*s - 63. What is the thousands digit of u(17)?
2
Let x be (-2)/3*(-33 - -12). Suppose 0 = 4*c + 3*p - x - 49, 5*p - 25 = 0. What is the tens digit of c?
1
Suppose 4*a + 984 = a. What is the units digit of a/4*1*1*-1?
2
What is the hundreds digit of (-3 - (-4 - 1506))*1?
5
Suppose 2*g + 4*a - 152 = g, 0 = -g - 2*a + 150. Let i = -146 + g. What is the units digit of i?
2
Let b = 38 + -32. What is the tens digit of (b - (3 + -4))*10?
7
Let a = 73 + -115. Let c be 2/14 + (-540)/a. Let i = 53 - c. What is the tens digit of i?
4
Suppose -30*s - 390 = -27*s. What is the hundreds digit of (0 - 3)*-1 - s?
1
Let n(v) = -v**3 - 3*v**2 + 2*v - 3. Let y be n(-4). Suppose -y = u - 8. What is the units digit of u?
3
Suppose c = 1 + 5. Suppose -10*z - 16 = -c*z. What is the tens digit of (2 + -4)*46/z?
2
Let l(u) = -3*u + 5*u + 3*u**2 + 19*u**2 - u. Let q be l(-2). Let f = q - 30. What is the tens digit of f?
5
Let h be (-6)/2 - (2 + 14). Let q = -19 - h. Suppose 4*t + 2*n = -q*n + 128, 5*t - n = 146. What is the units digit of t?
0
Let c = -56 - -122. What is the units digit of (-8256)/(-33) - 12/c?
0
Let h be -2 + (-3)/(6/(-4)). Let j be (-3 - -4 - h)*-63. Let l = j + 92. What is the tens digit of l?
2
Let i be 3/((-3)/(-13)) - -1. Let u(s) = s**3 - 14*s**2 + 3*s + 12. What is the tens digit of u(i)?
5
Let j(x) = -x**3 + 21*x**2 + 5*x - 41. What is the tens digit of j(19)?
7
What is the units digit of 6 + (-7857)/(-9) + 8/2?
3
Let l = 4 - -1. Let u(n) = n**3 - 5*n**2 + 3*n - 10. Let k be u(l). Let o(c) = -c**2 + 5*c + 9. What is the units digit of o(k)?
9
Let b = 36 - 45. Let l(d) = 2*d**2 + 2*d - 25. What is the hundreds digit of l(b)?
1
Suppose 2*m = 4*c + 56, 0 = 2*c - 4*m + 2*m + 30. Let h = c + 16. What is the tens digit of 23/(-2 - h/(-1))?
2
Let l be -1*(-1 + 0)*43. Let q = 42 + -66. Let y = q + l. What is the units digit of y?
9
Let n = -423 + 758. What is the tens digit of n?
3
What is the tens digit of (1027 - (6 + -2))/(8 - 7)?
2
Let c be 1/(-2) - (-7)/(14/(-209)). Let t = c + 229. What is the tens digit of t?
2
Suppose 2*v - 3142 = 4*n, 10*v = 6*v + 4*n + 6280. What is the tens digit of v?
6
Let g(n) = 6*n - 29. Let k be g(16). Let h = k + -40. What is the units digit of h?
7
Suppose -h + 2*h = 2*b - 5, -2*h = 3*b - 18. Suppose -5*q + 2*j = -j - 401, h*q = 3*j + 237. What is the units digit of q?
2
Let g be ((-8)/6)/(1 - 22/18). Suppose g*f + f - 189 = 0. What is the units digit of f?
7
Suppose 3 = -4*i + 11. Suppose -2*r + 38 = -5*k, 4*r - 3*k - 66 = i*k. What is the tens digit of r?
1
What is the units digit of 2/(-15) - (-3728)/60?
2
Let g be -8*2*6/16. What is the units digit of (2/g*-2)/(4/624)?
4
Let n(c) = -c**2 + 5*c + 3. Let q be n(5). Suppose q = -k - 2*a + 5*a, 0 = -5*k - a - 15. What is the units digit of (-84)/(1 + -4) + k?
5
Let t(z) = -5*z + 1. Let w be t(3). Let p be (96/w)/(2/(-14)). What is the tens digit of 14*-1*p/(-28)?
2
Let q(t) = 8*t**2 - 6. Let j(n) = n**2. Let y(h) = -12*j(h) + 2*q(h). What is the units digit of y(-5)?
8
Suppose 4*c + 285 = -c. Let r = c + 96. Let i = -16 + r. What is the units digit of i?
3
Let p = 636 + -378. Suppose -16*f + p = -14*f. What is the units digit of f?
9
Let n(h) = -h**3 + 11*h**2 + h - 11. Let b be n(11). Suppose b = 3*s + 2*s - 50. Let o = s - 5. What is the units digit of o?
5
Suppose -9*a + 35 = -8*a. Let x be 4/(-14) + (-130)/a. What is the units digit of (3 + x)*4*-1?
4
Let j be 3/((-17)/(-18) - 1). What is the tens digit of (j/(-24))/((-3)/(-60))?
4
Let x(y) = y**3 + 6*y**2 - 1. Let l be x(-3). Suppose -j = -2*n + 132, 2*j = -n + 102 - l. What is the units digit of n?
8
Suppose 9*o - 12522 = 240. What is the units digit of o?
8
Let t = 707 - 151. What is the tens digit of t?
5
What is the tens digit of (-2*233)/(378/99 - 4)?
6
Let